 x = -14*u. List the prime factors of u.
3, 41
Let t be 18/171 + (-279)/(-57). What are the prime factors of -5 + (1 - 1) + 266 + t?
2, 7, 19
Let y be 17/4 + 3/(-12). Let j(q) = -7*q - 3. Let b be j(-1). Suppose -b*z = s - 455, y*z + 4*s - 452 = -0*s. List the prime factors of z.
2, 3, 19
Suppose 0 = 7*p - 84 + 7. Let k(i) = -4 + i**3 - 8*i**2 + 13*i - 10*i**2 + p*i**2. List the prime factors of k(7).
3, 29
Let d = -63073 + 95106. List the prime factors of d.
103, 311
Let h = 13 + 7. Let i(s) = -36 + h + s + 7*s**3 + 4*s**2 + 18 - 3*s**3. List the prime factors of i(3).
149
Let a be 1 + 42599 + (-6)/(-18)*-3. List the prime factors of a/41 - (-7 + 0).
2, 523
Let v = -10081 - -13425. What are the prime factors of v?
2, 11, 19
Let a = 110 - -150. Let v = 888 - a. What are the prime factors of v?
2, 157
Let m(c) = 16*c + 167. Suppose -3*x + 295 = 190. List the prime factors of m(x).
727
Let d = 408 - 247. Suppose -5*c - 284 = 41. Let w = c + d. List the prime factors of w.
2, 3
Let p = 8895 - 8726. What are the prime factors of p?
13
Let c(q) = 3*q - 18. Let l be c(7). Suppose -5*r = -z + 119, -l*z + 5*r + 152 = -235. Suppose -p = p - z. What are the prime factors of p?
67
Let q be (2 + 0)*(6 - (8 - 4)). Suppose -5*o + q*o + 744 = 3*r, -2232 = -3*o - r. List the prime factors of o.
2, 3, 31
Suppose 0 = -55*p + 28*p + 218403. List the prime factors of p.
8089
Let l(t) = 148*t**2 - 36*t - 144. List the prime factors of l(-22).
2, 5, 13, 139
Suppose -4*q - 5*d + 123094 = 0, -123040 = -4*q - 194*d + 198*d. List the prime factors of q.
2, 15383
Suppose -4*h - 5*g + 5 = 0, -3*h + 6*g = g + 5. Let q be h*(-5 + 1)/8. Suppose u + 30 - 166 = q. What are the prime factors of u?
2, 17
Let g be -8*52/(-8) - 3. Suppose -6*j + g = -29. Suppose -8*l - 210 = -j*l. List the prime factors of l.
2, 3, 7
Suppose 118788 = 5*j + 18623. List the prime factors of j.
13, 23, 67
Let j = -18201 + 32115. What are the prime factors of j?
2, 3, 773
Let r be (10/6 + 0)/((-10)/(-36)). Suppose -5*k + m + 3813 = 0, r*k - 2*k = -2*m + 3042. What are the prime factors of k?
2, 3, 127
Suppose -5*g = 5*j - 2190, 5*j + 1556 = 5*g - 654. Suppose -5*m + m = 0. Suppose m = 7*d - 610 - g. List the prime factors of d.
2, 3, 5
Let h(y) = 1075*y**3 - 3*y + 2. Let o(u) = 4*u - 19. Let c be o(5). List the prime factors of h(c).
2, 3, 179
Let h be 3 + (1 - (4 + -3))*-1. Suppose 3*q - h*g = 8*q - 24, 2*g - 14 = -3*q. Suppose q*i - 3*i = 537. List the prime factors of i.
179
Let x be (-6 - 75/3)/(0 - -1). Let c be x/(-2)*((-511)/(-7) - -1). Suppose -7*r = -659 - c. List the prime factors of r.
2, 3, 43
Suppose -21780 = -3*y - w, 7260 = y - 660*w + 658*w. List the prime factors of y.
2, 3, 5, 11
Let t(d) = -3*d - 6 + 3*d + 245*d**2 + 2*d - 67*d**2. What are the prime factors of t(1)?
2, 3, 29
Let v(x) = 5891*x**2 + 65*x + 1. List the prime factors of v(-1).
5827
Let l be (4 - (9 + -4))*-1. Suppose -23 = 3*j + m, 4 + l = -m. List the prime factors of (-8)/j*(-63)/(-2).
2, 3, 7
Suppose 2*z - 5*z = -2*i + 50, -3*i = -5*z - 74. Suppose -4*m + 5*f = i, -3*f - 28 = m - 4. Let o = 8 - m. List the prime factors of o.
2, 5
Let s(g) = 2*g + 121. Let c be s(0). Suppose 6*n - 979 = -c. Suppose -n - 41 = -2*r. What are the prime factors of r?
2, 23
Let s = -123 + 272. Let q = s + 261. List the prime factors of q.
2, 5, 41
Suppose -68 = -3*f - 80. What are the prime factors of 24949/183 - f/(-3)?
3, 5
What are the prime factors of (-142879542)/(-2070) - 5/(-75)?
2, 3, 719
Let h(k) = -2*k**3 - 38*k**2 + 2*k - 1. Let v be h(-19). List the prime factors of 8 + 318/v + 14850/26.
571
Suppose 2*b - 6*b = 2*j + 68, 0 = -5*j - b - 170. Let z be 4/j - ((-416)/(-34))/(-2). What are the prime factors of 2*(-1)/z - 7735/(-39)?
2, 3, 11
Let m be 6/(-4) + (-3 - (-258)/12). Suppose m*b - 42 = 11*b. What are the prime factors of (-199)/(-3)*(-2 + b + -2)?
199
Let n(m) = 3*m**2 + 36*m - 45. Let y be n(-13). Let z(j) = 3*j**2 + 6*j - 2*j**2 - 2*j - 10. What are the prime factors of z(y)?
2
Let f be ((-3)/(-4))/(5/20). Suppose o = -f*m + 10 - 3, -4*m = -3*o - 31. Suppose -m*s + 65 = -171. What are the prime factors of s?
59
Let g be 75/(-30)*(-2 - 0). Suppose 0 = -4*v + g*q + 808 + 166, -4*v - q + 986 = 0. List the prime factors of v/5 + (-2)/10.
7
Let p(l) be the second derivative of 47*l**3/6 - 2*l**2 - 19*l - 3. List the prime factors of p(3).
137
List the prime factors of (6354/14 + 106/742)*97.
2, 97, 227
Let y(i) = 14*i**2 + 37*i + 21. Let f(q) = 2*q + 16. Let o be f(-12). List the prime factors of y(o).
3, 23
Suppose 27774 + 50198 = 12*b - 27412. List the prime factors of b.
2, 4391
Let m = -77 - -64. Let z(g) = -g - 1. Let t be z(m). Let u(b) = 2*b**2 - 5*b + 8. List the prime factors of u(t).
2, 59
Suppose 0 = 2*u + 3 + 3, -2*u = 2*z. Suppose 2*q - 623 = -z*w, 4*q = -3*w + 130 + 495. What are the prime factors of w?
3, 23
Let s = 10277 + -4822. List the prime factors of s.
5, 1091
What are the prime factors of (110/(-44))/((-35)/115724)?
2, 4133
Let l(a) be the third derivative of 9*a**4/4 - 52*a**3/3 - 11*a**2 - 3*a. What are the prime factors of l(16)?
2, 5, 19
Let y(o) = 81*o - 31. Let t(m) = -3*m**2 - 18*m - 3. Let k be t(-6). Let s(r) = -40*r + 16. Let a(l) = k*y(l) - 5*s(l). List the prime factors of a(-4).
5, 37
Let p be 10/2 + 10 + 620. Suppose 0 = -5*r - 5*i + p, -357 = -3*r - 7*i + 10*i. List the prime factors of r.
3, 41
Suppose -5*o = -1118 - 312. Let z = o + -116. What are the prime factors of z?
2, 5, 17
Suppose -2*s + 4*o + 12632 = -12218, 0 = -16*s - 5*o + 198578. What are the prime factors of s?
12413
Suppose 2*j = 4*z - 12514, 1149 + 8229 = 3*z + j. List the prime factors of z.
53, 59
Let k(o) = 128*o**2 - 123*o + 1171. What are the prime factors of k(9)?
2, 163
Let n(d) = -39*d - 39. Let c = -695 + 679. What are the prime factors of n(c)?
3, 5, 13
Suppose 42*x - 1661004 = 4*x + 994132. List the prime factors of x.
2, 11, 397
Suppose q = 3*p + 163 + 1152, 2*p + 885 = -q. Suppose 161*g = 133*g + 18872. Let c = g + p. List the prime factors of c.
2, 3, 13
Suppose 31*a = 1402395 + 961282 + 224978. What are the prime factors of a?
3, 5, 19, 293
List the prime factors of 3/(165/(-10)) + 203548/22 + 4.
2, 13, 89
Let i = 14 - 14. Suppose i = 11*d - 8*d - 165. Let o = d - 12. List the prime factors of o.
43
Suppose -3*l - 474 = -1824. Suppose 772 = 2*n + 5*q, -5*n + 3*q = -l - 1449. List the prime factors of n.
3, 127
Suppose -6*h + 75 = -45. Suppose h = g + g. What are the prime factors of ((-4)/g)/(9/(-1260))?
2, 7
Suppose 5 = -2*c + 9. Suppose -6*n + 20 = -c*n, 2*q = 2*n + 184. List the prime factors of q.
97
Let y(v) = 11*v**3 - 25*v**2 - 13*v - 73. Let f(i) = 9*i**3 - 26*i**2 - 12*i - 73. Let u(c) = -5*f(c) + 4*y(c). What are the prime factors of u(30)?
313
What are the prime factors of 5 + ((-50)/(-175) - (-63654)/14)?
2, 569
Let s be ((-10)/(-6) - 1)/((-4)/(-12)). Let i(u) = -u**2 - s*u**2 - 10 - 2 + 4*u**2 - u. What are the prime factors of i(9)?
2, 3, 5
Let m be (-6 - -7)/(2/554). Suppose -u = -z - 4*z - m, 867 = 3*u - 3*z. List the prime factors of u.
2, 73
Let q(u) = -11*u**3 - 17*u**3 + 187*u**3 - 17*u + 2*u**2 + 18*u. Let k be q(-1). Let a = 13 - k. What are the prime factors of a?
3, 19
Let o(j) = 3*j - 8 - 7*j**2 + 3 + 5*j + 2. Let m(g) = -20*g**2 + 24*g - 8. Let y(r) = 6*m(r) - 17*o(r). List the prime factors of y(7).
2, 5
Let d = -40 + 44. Suppose d*t - 15 = t. Suppose -5*c + 3*y + 285 = 0, -3*c + t*y - 29 = -4*c. List the prime factors of c.
2, 3
Let l(k) = 1 + 5 - 2*k - 1 - 1 - 2*k**2. Let i be l(-4). What are the prime factors of 6/10 - 1 - 708/i?
5, 7
Let d(o) = o**2 - 26*o + 166. Let c be d(16). List the prime factors of c/5*-5 + 126.
2, 3, 5
Let p = 1766 - -3392. Suppose 13278 = 8*w + p. List the prime factors of w.
5, 7, 29
Suppose 278341 = -259*w + 276*w. What are the prime factors of w?
7, 2339
Suppose -2 = k, 75 = -2*o + 5*o - 3*k. Suppose o*r + 6312 = 43250. List the prime factors of r.
2, 11, 73
Suppose -15*u + 5449 + 5359 = -6937. List the prime factors of u.
7, 13
Let f(u) = u**2 - u - 1. Let c(n) = -2*n**3 + 10*n**2 + 2*n + 35. Let a(t) = c(t) - 5*f(t). List the prime factors of a(-7).
2, 461
Let v be 55*((1 - (-96)/15) + 4). Let u = v - 466. What are the prime factors of u?
